{"id":126,"date":"2024-06-08T19:57:17","date_gmt":"2024-06-08T17:57:17","guid":{"rendered":"https:\/\/bi-sdep.eu\/?page_id=126"},"modified":"2024-10-29T15:51:59","modified_gmt":"2024-10-29T14:51:59","slug":"quels-frais-quelle-prise-en-charge-quelles-etapes","status":"publish","type":"page","link":"https:\/\/bi-sdep.eu\/index.php\/quels-frais-quelle-prise-en-charge-quelles-etapes\/","title":{"rendered":"Quels frais ? Quelle prise en charge ? Quelles \u00e9tapes ?"},"content":{"rendered":"\n<div class=\"wp-block-group is-vertical is-layout-flex wp-container-core-group-is-layout-8cad6afd wp-block-group-is-layout-flex\">\n<div class=\"wp-block-columns is-layout-flex wp-container-core-columns-is-layout-9d6595d7 wp-block-columns-is-layout-flex\">\n<div class=\"wp-block-column is-layout-flow wp-block-column-is-layout-flow\">\n<h3 class=\"wp-block-heading\">Frais d&rsquo;avocat<\/h3>\n\n\n\n<p>Les frais d\u2019avocat incluent les honoraires pour les consultations, la r\u00e9daction des documents de proc\u00e9dure, la repr\u00e9sentation en audience, et le suivi du dossier tout au long de la proc\u00e9dure. Les honoraires peuvent \u00eatre calcul\u00e9s selon un taux horaire, un forfait ou une convention d&rsquo;honoraires. En mati\u00e8re de responsabilit\u00e9 m\u00e9dicale, ces frais sont souvent r\u00e9parti entre un forfait ainsi que des honoraires de r\u00e9sultat, qui consistent en un pourcentage des dommages-int\u00e9r\u00eats obtenus.<\/p>\n\n\n\n<p>Combien est-ce que \u00e7a co\u00fbte : les honoraires rel\u00e8vent de l&rsquo;appr\u00e9ciation de l&rsquo;avocat qui les fixe librement.<\/p>\n\n\n\n<p>Comptez, en moyenne, entre 1500 et 5000 euros pour la proc\u00e9dure ( hors honoraires de r\u00e9sultat).<\/p>\n<\/div>\n\n\n\n<div class=\"wp-block-column is-layout-flow wp-block-column-is-layout-flow\">\n<h3 class=\"wp-block-heading\">Frais d&rsquo;expertise judiciaire<\/h3>\n\n\n\n<p>Dans une proc\u00e9dure en responsabilit\u00e9 m\u00e9dicale, un expert judiciaire est d\u00e9sign\u00e9 par le tribunal pour \u00e9valuer la faute m\u00e9dicale et ses cons\u00e9quences sur la sant\u00e9 du patient. Les frais d&rsquo;expertise judiciaire couvrent les honoraires de l&rsquo;expert pour ses analyses, ses entretiens avec le patient, et la r\u00e9daction de son rapport. Ces frais sont avanc\u00e9s par la partie demanderesse, mais ils sont g\u00e9n\u00e9ralement rembours\u00e9s en cas de succ\u00e8s de la proc\u00e9dure.<\/p>\n\n\n\n<p>Comptez environ 2500\/3000 euros pour l&rsquo;expertise m\u00e9dicale.<\/p>\n\n\n<div class=\"wp-block-image\">\n<figure class=\"aligncenter size-full\"><img loading=\"lazy\" decoding=\"async\" width=\"1024\" height=\"518\" src=\"https:\/\/bi-sdep.eu\/wp-content\/uploads\/2024\/10\/image.png\" alt=\"\" class=\"wp-image-232\" srcset=\"https:\/\/bi-sdep.eu\/wp-content\/uploads\/2024\/10\/image.png 1024w, https:\/\/bi-sdep.eu\/wp-content\/uploads\/2024\/10\/image-300x152.png 300w, https:\/\/bi-sdep.eu\/wp-content\/uploads\/2024\/10\/image-768x389.png 768w\" sizes=\"auto, (max-width: 1024px) 100vw, 1024px\" \/><\/figure>\n<\/div><\/div>\n<\/div>\n<\/div>\n\n\n\n<h2 class=\"wp-block-heading\">Honoraires du m\u00e9decin conseil<\/h2>\n\n\n\n<p>Le m\u00e9decin conseil est un expert ind\u00e9pendant engag\u00e9 par la victime pour la conseiller et l&rsquo;assister tout au long de la proc\u00e9dure, notamment lors de l&rsquo;expertise judiciaire.<\/p>\n\n\n\n<p>Le m\u00e9decin conseil n&rsquo;est pas obligatoire mais \u00e0 <strong>condition qu&rsquo;il soit bien choisi<\/strong>,  peut aider \u00e0 analyser les informations m\u00e9dicales, participe aux r\u00e9unions d&rsquo;expertise pour d\u00e9fendre les int\u00e9r\u00eats du patient et pr\u00e9pare des observations m\u00e9dicales. Les honoraires du m\u00e9decin conseil varient en fonction de la dur\u00e9e de la proc\u00e9dure et de l\u2019implication n\u00e9cessaire pour la d\u00e9fense des droits du patient. Ce co\u00fbt est souvent support\u00e9 directement par le patient et peut \u00eatre rembours\u00e9 en cas de succ\u00e8s de la proc\u00e9dure. <\/p>\n\n\n\n<div class=\"wp-block-columns is-layout-flex wp-container-core-columns-is-layout-9d6595d7 wp-block-columns-is-layout-flex\">\n<div class=\"wp-block-column is-layout-flow wp-block-column-is-layout-flow\">\n<figure class=\"wp-block-image size-large is-resized\"><img loading=\"lazy\" decoding=\"async\" width=\"1024\" height=\"855\" src=\"https:\/\/bi-sdep.eu\/wp-content\/uploads\/2024\/10\/Design-sans-titre-1-1024x855.png\" alt=\"\" class=\"wp-image-225\" style=\"width:412px;height:auto\" srcset=\"https:\/\/bi-sdep.eu\/wp-content\/uploads\/2024\/10\/Design-sans-titre-1-1024x855.png 1024w, https:\/\/bi-sdep.eu\/wp-content\/uploads\/2024\/10\/Design-sans-titre-1-300x250.png 300w, https:\/\/bi-sdep.eu\/wp-content\/uploads\/2024\/10\/Design-sans-titre-1-768x641.png 768w, https:\/\/bi-sdep.eu\/wp-content\/uploads\/2024\/10\/Design-sans-titre-1-1536x1282.png 1536w, https:\/\/bi-sdep.eu\/wp-content\/uploads\/2024\/10\/Design-sans-titre-1-2048x1709.png 2048w\" sizes=\"auto, (max-width: 1024px) 100vw, 1024px\" \/><\/figure>\n<\/div>\n\n\n\n<div class=\"wp-block-column is-layout-flow wp-block-column-is-layout-flow\">\n<p><strong>Comptez environ 1000\/1500 euros pour les honoraires du m\u00e9decin conseil. <\/strong><\/p>\n\n\n\n<p><strong>Attention:<\/strong> il existe tr\u00e8s peu de m\u00e9decins conseils sp\u00e9cialis\u00e9s en chirurgie maxillo-faciale. Nous d\u00e9conseillons fortement de prendre un m\u00e9decin conseil qui n&rsquo;est pas sp\u00e9cialis\u00e9 au risque de payer pour pas grand chose &#8230; ( m\u00eame s&rsquo;il vous est conseill\u00e9 par votre avocat car il a l&rsquo;habitude de travailler avec). <\/p>\n<\/div>\n<\/div>\n\n\n\n<h3 class=\"wp-block-heading\">Frais de proc\u00e9dure en appel<\/h3>\n\n\n\n<p>Si l\u2019une des parties d\u00e9cide de contester la d\u00e9cision en premi\u00e8re instance, des frais suppl\u00e9mentaires sont engendr\u00e9s pour la proc\u00e9dure en appel.<\/p>\n\n\n\n<div class=\"wp-block-columns is-layout-flex wp-container-core-columns-is-layout-9d6595d7 wp-block-columns-is-layout-flex\">\n<div class=\"wp-block-column is-layout-flow wp-block-column-is-layout-flow\">\n<p>Il peut aussi y avoir des frais d\u2019expertise compl\u00e9mentaire, si la cour d\u2019appel estime qu\u2019une nouvelle expertise est n\u00e9cessaire. La proc\u00e9dure en appel peut s\u2019av\u00e9rer co\u00fbteuse, et en cas d&rsquo;\u00e9chec, ces frais peuvent \u00eatre enti\u00e8rement \u00e0 la charge de la partie appelante.<\/p>\n<\/div>\n<\/div>\n\n\n\n<h3 class=\"wp-block-heading\">Des aides sont-elles possibles ? <\/h3>\n\n\n\n<div class=\"wp-block-columns is-layout-flex wp-container-core-columns-is-layout-9d6595d7 wp-block-columns-is-layout-flex\">\n<div class=\"wp-block-column is-layout-flow wp-block-column-is-layout-flow\">\n<p>Les frais peuvent \u00eatre partiellement pris en charge par l\u2019aide juridictionnelle pour les personnes \u00e9ligibles ou couverts par des assurances de protection juridique, qui peuvent all\u00e9ger les charges financi\u00e8res. <\/p>\n\n\n\n<p><a href=\"https:\/\/bi-sdep.eu\/index.php\/contact-page\/\" data-type=\"page\" data-id=\"13\">Contactez-nous<\/a><\/p>\n\n\n\n<p><br><\/p>\n<\/div>\n\n\n\n<div class=\"wp-block-column is-layout-flow wp-block-column-is-layout-flow\"><div class=\"wp-block-image\">\n<figure class=\"aligncenter size-large is-resized\"><img loading=\"lazy\" decoding=\"async\" width=\"1024\" height=\"1024\" src=\"https:\/\/bi-sdep.eu\/wp-content\/uploads\/2024\/10\/Design-sans-titre-1-1-1024x1024.png\" alt=\"\" class=\"wp-image-226\" style=\"width:324px;height:auto\" srcset=\"https:\/\/bi-sdep.eu\/wp-content\/uploads\/2024\/10\/Design-sans-titre-1-1-1024x1024.png 1024w, https:\/\/bi-sdep.eu\/wp-content\/uploads\/2024\/10\/Design-sans-titre-1-1-300x300.png 300w, https:\/\/bi-sdep.eu\/wp-content\/uploads\/2024\/10\/Design-sans-titre-1-1-150x150.png 150w, https:\/\/bi-sdep.eu\/wp-content\/uploads\/2024\/10\/Design-sans-titre-1-1-768x768.png 768w, https:\/\/bi-sdep.eu\/wp-content\/uploads\/2024\/10\/Design-sans-titre-1-1-1536x1536.png 1536w, https:\/\/bi-sdep.eu\/wp-content\/uploads\/2024\/10\/Design-sans-titre-1-1-2048x2048.png 2048w\" sizes=\"auto, (max-width: 1024px) 100vw, 1024px\" \/><\/figure>\n<\/div><\/div>\n<\/div>\n","protected":false},"excerpt":{"rendered":"<p>Frais d&rsquo;avocat Les frais d\u2019avocat incluent les honoraires pour les consultations, la r\u00e9daction des documents de proc\u00e9dure, la repr\u00e9sentation en audience, et le suivi du dossier tout au long de la proc\u00e9dure. Les honoraires peuvent \u00eatre calcul\u00e9s selon un taux horaire, un forfait ou une convention d&rsquo;honoraires. En mati\u00e8re de responsabilit\u00e9 m\u00e9dicale, ces frais sont [&hellip;]<\/p>\n","protected":false},"author":1,"featured_media":0,"parent":0,"menu_order":0,"comment_status":"closed","ping_status":"closed","template":"","meta":{"footnotes":""},"class_list":["post-126","page","type-page","status-publish","hentry"],"_links":{"self":[{"href":"https:\/\/bi-sdep.eu\/index.php\/wp-json\/wp\/v2\/pages\/126","targetHints":{"allow":["GET"]}}],"collection":[{"href":"https:\/\/bi-sdep.eu\/index.php\/wp-json\/wp\/v2\/pages"}],"about":[{"href":"https:\/\/bi-sdep.eu\/index.php\/wp-json\/wp\/v2\/types\/page"}],"author":[{"embeddable":true,"href":"https:\/\/bi-sdep.eu\/index.php\/wp-json\/wp\/v2\/users\/1"}],"replies":[{"embeddable":true,"href":"https:\/\/bi-sdep.eu\/index.php\/wp-json\/wp\/v2\/comments?post=126"}],"version-history":[{"count":9,"href":"https:\/\/bi-sdep.eu\/index.php\/wp-json\/wp\/v2\/pages\/126\/revisions"}],"predecessor-version":[{"id":233,"href":"https:\/\/bi-sdep.eu\/index.php\/wp-json\/wp\/v2\/pages\/126\/revisions\/233"}],"wp:attachment":[{"href":"https:\/\/bi-sdep.eu\/index.php\/wp-json\/wp\/v2\/media?parent=126"}],"curies":[{"name":"wp","href":"https:\/\/api.w.org\/{rel}","templated":true}]}}