{"id":42,"date":"2024-06-08T15:30:01","date_gmt":"2024-06-08T13:30:01","guid":{"rendered":"https:\/\/bi-sdep.eu\/?page_id=42"},"modified":"2024-06-09T00:22:14","modified_gmt":"2024-06-08T22:22:14","slug":"soutien","status":"publish","type":"page","link":"https:\/\/bi-sdep.eu\/index.php\/soutien\/","title":{"rendered":"Soutien"},"content":{"rendered":"\n<p>Ici, nous ne filtrons aucun t\u00e9moignage. Nous voulons d\u00e9virer une information transparente, au plus proche de la r\u00e9alit\u00e9.<\/p>\n\n\n\n<p>Retrouvez-nous :<\/p>\n\n\n\n<ul class=\"wp-block-social-links aligncenter has-large-icon-size is-layout-flex wp-block-social-links-is-layout-flex\"><li class=\"wp-social-link wp-social-link-facebook  wp-block-social-link\"><a href=\"https:\/\/www.facebook.com\/groups\/523506718948374\" class=\"wp-block-social-link-anchor\"><svg width=\"24\" height=\"24\" viewBox=\"0 0 24 24\" version=\"1.1\" xmlns=\"http:\/\/www.w3.org\/2000\/svg\" aria-hidden=\"true\" focusable=\"false\"><path d=\"M12 2C6.5 2 2 6.5 2 12c0 5 3.7 9.1 8.4 9.9v-7H7.9V12h2.5V9.8c0-2.5 1.5-3.9 3.8-3.9 1.1 0 2.2.2 2.2.2v2.5h-1.3c-1.2 0-1.6.8-1.6 1.6V12h2.8l-.4 2.9h-2.3v7C18.3 21.1 22 17 22 12c0-5.5-4.5-10-10-10z\"><\/path><\/svg><span class=\"wp-block-social-link-label screen-reader-text\">Facebook<\/span><\/a><\/li>\n\n<li class=\"wp-social-link wp-social-link-wordpress  wp-block-social-link\"><a href=\"https:\/\/bi-sdep.eu\/index.php\/community-2\/\" class=\"wp-block-social-link-anchor\"><svg width=\"24\" height=\"24\" viewBox=\"0 0 24 24\" version=\"1.1\" xmlns=\"http:\/\/www.w3.org\/2000\/svg\" aria-hidden=\"true\" focusable=\"false\"><path d=\"M12.158,12.786L9.46,20.625c0.806,0.237,1.657,0.366,2.54,0.366c1.047,0,2.051-0.181,2.986-0.51 c-0.024-0.038-0.046-0.079-0.065-0.124L12.158,12.786z M3.009,12c0,3.559,2.068,6.634,5.067,8.092L3.788,8.341 C3.289,9.459,3.009,10.696,3.009,12z M18.069,11.546c0-1.112-0.399-1.881-0.741-2.48c-0.456-0.741-0.883-1.368-0.883-2.109 c0-0.826,0.627-1.596,1.51-1.596c0.04,0,0.078,0.005,0.116,0.007C16.472,3.904,14.34,3.009,12,3.009 c-3.141,0-5.904,1.612-7.512,4.052c0.211,0.007,0.41,0.011,0.579,0.011c0.94,0,2.396-0.114,2.396-0.114 C7.947,6.93,8.004,7.642,7.52,7.699c0,0-0.487,0.057-1.029,0.085l3.274,9.739l1.968-5.901l-1.401-3.838 C9.848,7.756,9.389,7.699,9.389,7.699C8.904,7.67,8.961,6.93,9.446,6.958c0,0,1.484,0.114,2.368,0.114 c0.94,0,2.397-0.114,2.397-0.114c0.485-0.028,0.542,0.684,0.057,0.741c0,0-0.488,0.057-1.029,0.085l3.249,9.665l0.897-2.996 C17.841,13.284,18.069,12.316,18.069,11.546z M19.889,7.686c0.039,0.286,0.06,0.593,0.06,0.924c0,0.912-0.171,1.938-0.684,3.22 l-2.746,7.94c2.673-1.558,4.47-4.454,4.47-7.771C20.991,10.436,20.591,8.967,19.889,7.686z M12,22C6.486,22,2,17.514,2,12 C2,6.486,6.486,2,12,2c5.514,0,10,4.486,10,10C22,17.514,17.514,22,12,22z\"><\/path><\/svg><span class=\"wp-block-social-link-label screen-reader-text\">WordPress<\/span><\/a><\/li><\/ul>\n\n\n<div class=\"wp-block-image\">\n<figure class=\"alignright size-full is-resized\"><img loading=\"lazy\" decoding=\"async\" width=\"1024\" height=\"1024\" src=\"https:\/\/bi-sdep.eu\/wp-content\/uploads\/2024\/06\/15f71674-8e89-45b5-b981-c4d8584581d9.webp\" alt=\"\" class=\"wp-image-43\" style=\"width:539px;height:auto\" srcset=\"https:\/\/bi-sdep.eu\/wp-content\/uploads\/2024\/06\/15f71674-8e89-45b5-b981-c4d8584581d9.webp 1024w, https:\/\/bi-sdep.eu\/wp-content\/uploads\/2024\/06\/15f71674-8e89-45b5-b981-c4d8584581d9-300x300.webp 300w, https:\/\/bi-sdep.eu\/wp-content\/uploads\/2024\/06\/15f71674-8e89-45b5-b981-c4d8584581d9-150x150.webp 150w, https:\/\/bi-sdep.eu\/wp-content\/uploads\/2024\/06\/15f71674-8e89-45b5-b981-c4d8584581d9-768x768.webp 768w\" sizes=\"auto, (max-width: 1024px) 100vw, 1024px\" \/><\/figure>\n<\/div>\n\n\n<p>Notre objectif est de construire une communaut\u00e9 solidaire, inform\u00e9e et active dans la pr\u00e9vention et le soutien des complications m\u00e9dicales li\u00e9es aux chirurgies orthognathiques. <\/p>\n\n\n\n<p>Nous avons cr\u00e9\u00e9 ce r\u00e9seau d&rsquo;entraide pour transformer une exp\u00e9rience personnelle douloureuse en une force positive, capable d&rsquo;aider et de soutenir ceux qui traversent des \u00e9preuves similaires. <\/p>\n\n\n\n<p>Attention \u00e0 certains groupes ou r\u00e9seaux sociaux qui sont soutenus et influenc\u00e9s par des professionnels m\u00e9diaux qui y trouvent un int\u00e9r\u00eat commercial.<\/p>\n","protected":false},"excerpt":{"rendered":"<p>Ici, nous ne filtrons aucun t\u00e9moignage. Nous voulons d\u00e9virer une information transparente, au plus proche de la r\u00e9alit\u00e9. Retrouvez-nous : Notre objectif est de construire une communaut\u00e9 solidaire, inform\u00e9e et active dans la pr\u00e9vention et le soutien des complications m\u00e9dicales li\u00e9es aux chirurgies orthognathiques. Nous avons cr\u00e9\u00e9 ce r\u00e9seau d&rsquo;entraide pour transformer une exp\u00e9rience personnelle [&hellip;]<\/p>\n","protected":false},"author":1,"featured_media":0,"parent":0,"menu_order":0,"comment_status":"closed","ping_status":"closed","template":"","meta":{"footnotes":""},"class_list":["post-42","page","type-page","status-publish","hentry"],"_links":{"self":[{"href":"https:\/\/bi-sdep.eu\/index.php\/wp-json\/wp\/v2\/pages\/42","targetHints":{"allow":["GET"]}}],"collection":[{"href":"https:\/\/bi-sdep.eu\/index.php\/wp-json\/wp\/v2\/pages"}],"about":[{"href":"https:\/\/bi-sdep.eu\/index.php\/wp-json\/wp\/v2\/types\/page"}],"author":[{"embeddable":true,"href":"https:\/\/bi-sdep.eu\/index.php\/wp-json\/wp\/v2\/users\/1"}],"replies":[{"embeddable":true,"href":"https:\/\/bi-sdep.eu\/index.php\/wp-json\/wp\/v2\/comments?post=42"}],"version-history":[{"count":5,"href":"https:\/\/bi-sdep.eu\/index.php\/wp-json\/wp\/v2\/pages\/42\/revisions"}],"predecessor-version":[{"id":167,"href":"https:\/\/bi-sdep.eu\/index.php\/wp-json\/wp\/v2\/pages\/42\/revisions\/167"}],"wp:attachment":[{"href":"https:\/\/bi-sdep.eu\/index.php\/wp-json\/wp\/v2\/media?parent=42"}],"curies":[{"name":"wp","href":"https:\/\/api.w.org\/{rel}","templated":true}]}}